{"id":3,"date":"2024-08-14T20:04:08","date_gmt":"2024-08-14T20:04:08","guid":{"rendered":"https:\/\/financity.mx\/?page_id=3"},"modified":"2024-09-03T18:48:17","modified_gmt":"2024-09-03T18:48:17","slug":"privacy-policy","status":"publish","type":"page","link":"https:\/\/financity.mx\/?page_id=3","title":{"rendered":"Aviso de Privacidad"},"content":{"rendered":"\n<p><strong>Aviso de Privacidad y Uso de Datos<\/strong><\/p>\n\n\n\n<p><strong>Responsable de la protecci\u00f3n de tus datos personales<\/strong>: FINANCITY es responsable del tratamiento de tus datos personales.<\/p>\n\n\n\n<p><strong>Finalidad del tratamiento de datos personales<\/strong>: Los datos personales que recabamos de ti ser\u00e1n utilizados para las siguientes finalidades:<\/p>\n\n\n\n<ol class=\"wp-block-list\">\n<li>Proveer los servicios y productos que has solicitado.<\/li>\n\n\n\n<li>Informarte sobre cambios en nuestros productos o servicios.<\/li>\n\n\n\n<li>Realizar estudios internos sobre h\u00e1bitos de consumo y preferencias.<\/li>\n\n\n\n<li>Cumplir con obligaciones legales.<\/li>\n<\/ol>\n\n\n\n<p><strong>Datos personales recabados<\/strong>: Para llevar a cabo las finalidades descritas anteriormente, podr\u00edamos recabar los siguientes datos personales:<\/p>\n\n\n\n<ol class=\"wp-block-list\">\n<li>Datos de identificaci\u00f3n: nombre completo, direcci\u00f3n, fecha de nacimiento, n\u00famero de tel\u00e9fono, correo electr\u00f3nico, etc.<\/li>\n\n\n\n<li>Datos financieros: informaci\u00f3n de tarjetas de cr\u00e9dito o d\u00e9bito, historial crediticio, etc.<\/li>\n\n\n\n<li>Datos laborales: ocupaci\u00f3n, cargo, lugar de trabajo, etc.<\/li>\n\n\n\n<li>Datos de contacto: direcci\u00f3n postal, n\u00famero telef\u00f3nico, direcci\u00f3n de correo electr\u00f3nico, etc.<\/li>\n\n\n\n<li>Datos de navegaci\u00f3n: informaci\u00f3n sobre c\u00f3mo interact\u00faas con nuestro sitio web o aplicaciones.<\/li>\n<\/ol>\n\n\n\n<p><strong>Transferencia de datos personales<\/strong>: Tus datos personales podr\u00e1n ser transferidos y tratados por personas distintas a \u00c1lbar, como empresas afiliadas, proveedores de servicios, entre otros, para cumplir con las finalidades descritas en este aviso de privacidad.<\/p>\n\n\n\n<p><strong>Derechos ARCO<\/strong>: Tienes derecho a acceder, rectificar, cancelar u oponerte al tratamiento de tus datos personales, as\u00ed como a revocar el consentimiento que nos has otorgado para el tratamiento de los mismos, a trav\u00e9s de los procedimientos que hemos implementado. Para ello, puedes contactarnos a trav\u00e9s de los siguientes medios: contacto@financity.mx<\/p>\n\n\n\n<p><strong>Cambios al aviso de privacidad<\/strong>: Nos reservamos el derecho de efectuar en cualquier momento modificaciones o actualizaciones al presente aviso de privacidad, para la atenci\u00f3n de novedades legislativas, pol\u00edticas internas o nuevos requerimientos para la prestaci\u00f3n u ofrecimiento de nuestros servicios o productos. Dichas modificaciones estar\u00e1n disponibles al p\u00fablico a trav\u00e9s de nuestro sitio web www.financity.mx<\/p>\n\n\n\n<p><strong>Consentimiento<\/strong>: Al proporcionar tus datos personales a Financity, manifiestas estar de acuerdo con el tratamiento de los mismos conforme a lo establecido en este aviso de privacidad.<\/p>\n\n\n\n<p>Fecha de \u00faltima actualizaci\u00f3n: 02 Septiembre 2024.<\/p>\n\n\n\n<p>Te recomendamos revisar peri\u00f3dicamente este aviso de privacidad para estar al tanto de cualquier cambio o actualizaci\u00f3n que se realice.<\/p>\n","protected":false},"excerpt":{"rendered":"<p>Aviso de Privacidad y Uso de Datos Responsable de la protecci\u00f3n de tus datos personales: FINANCITY es responsable del tratamiento de tus datos personales. Finalidad del tratamiento de datos personales: Los datos personales que recabamos de ti ser\u00e1n utilizados para las siguientes finalidades: Datos personales recabados: Para llevar a cabo las finalidades descritas anteriormente, podr\u00edamos recabar los siguientes datos personales: Transferencia de datos personales: Tus datos personales podr\u00e1n ser transferidos y tratados por personas distintas a \u00c1lbar, como empresas afiliadas, proveedores de servicios, entre otros, para cumplir con las finalidades descritas en este aviso de privacidad. Derechos ARCO: Tienes derecho a acceder, rectificar, cancelar u oponerte al tratamiento de tus datos personales, as\u00ed como a revocar el consentimiento que nos has otorgado para el tratamiento de los mismos, a trav\u00e9s de los procedimientos que hemos implementado. Para ello, puedes contactarnos a trav\u00e9s de los siguientes medios: contacto@financity.mx Cambios al aviso de privacidad: Nos reservamos el derecho de efectuar en cualquier momento modificaciones o actualizaciones al presente aviso de privacidad, para la atenci\u00f3n de novedades legislativas, pol\u00edticas internas o nuevos requerimientos para la prestaci\u00f3n u ofrecimiento de nuestros servicios o productos. Dichas modificaciones estar\u00e1n disponibles al p\u00fablico a trav\u00e9s de nuestro sitio web www.financity.mx Consentimiento: Al proporcionar tus datos personales a Financity, manifiestas estar de acuerdo con el tratamiento de los mismos conforme a lo establecido en este aviso de privacidad. Fecha de \u00faltima actualizaci\u00f3n: 02 Septiembre 2024. Te recomendamos revisar peri\u00f3dicamente este aviso de privacidad para estar al tanto de cualquier cambio o actualizaci\u00f3n que se realice.<\/p>\n","protected":false},"author":1,"featured_media":0,"parent":0,"menu_order":0,"comment_status":"closed","ping_status":"open","template":"","meta":{"footnotes":""},"class_list":["post-3","page","type-page","status-publish","hentry"],"_links":{"self":[{"href":"https:\/\/financity.mx\/index.php?rest_route=\/wp\/v2\/pages\/3","targetHints":{"allow":["GET"]}}],"collection":[{"href":"https:\/\/financity.mx\/index.php?rest_route=\/wp\/v2\/pages"}],"about":[{"href":"https:\/\/financity.mx\/index.php?rest_route=\/wp\/v2\/types\/page"}],"author":[{"embeddable":true,"href":"https:\/\/financity.mx\/index.php?rest_route=\/wp\/v2\/users\/1"}],"replies":[{"embeddable":true,"href":"https:\/\/financity.mx\/index.php?rest_route=%2Fwp%2Fv2%2Fcomments&post=3"}],"version-history":[{"count":1,"href":"https:\/\/financity.mx\/index.php?rest_route=\/wp\/v2\/pages\/3\/revisions"}],"predecessor-version":[{"id":1414,"href":"https:\/\/financity.mx\/index.php?rest_route=\/wp\/v2\/pages\/3\/revisions\/1414"}],"wp:attachment":[{"href":"https:\/\/financity.mx\/index.php?rest_route=%2Fwp%2Fv2%2Fmedia&parent=3"}],"curies":[{"name":"wp","href":"https:\/\/api.w.org\/{rel}","templated":true}]}}